[INFO] cloning repository https://github.com/twking7/adventofcode2017
[INFO] running `Command { std: "git" "-c" "credential.helper=" "-c" "credential.helper=/workspace/cargo-home/bin/git-credential-null" "clone" "--bare" "https://github.com/twking7/adventofcode2017" "/workspace/cache/git-repos/https%3A%2F%2Fgithub.com%2Ftwking7%2Fadventofcode2017", kill_on_drop: false }`
[INFO] [stderr] Cloning into bare repository '/workspace/cache/git-repos/https%3A%2F%2Fgithub.com%2Ftwking7%2Fadventofcode2017'...
[INFO] running `Command { std: "git" "rev-parse" "HEAD", kill_on_drop: false }`
[INFO] [stdout] 61f0387372e63b957fa33c85e9fa92ac9e0af346
[INFO] checking twking7/adventofcode2017 against master#af3c6e733a40e671550e0f0f5aeecaa13772ba56 for pr-74989
[INFO] running `Command { std: "git" "clone" "/workspace/cache/git-repos/https%3A%2F%2Fgithub.com%2Ftwking7%2Fadventofcode2017" "/workspace/builds/worker-10/source", kill_on_drop: false }`
[INFO] [stderr] Cloning into '/workspace/builds/worker-10/source'...
[INFO] [stderr] done.
[INFO] validating manifest of git repo https://github.com/twking7/adventofcode2017 on toolchain af3c6e733a40e671550e0f0f5aeecaa13772ba56
[INFO] running `Command { std: "/workspace/cargo-home/bin/cargo" "+af3c6e733a40e671550e0f0f5aeecaa13772ba56" "read-manifest" "--manifest-path" "Cargo.toml", kill_on_drop: false }`
[INFO] started tweaking git repo https://github.com/twking7/adventofcode2017
[INFO] finished tweaking git repo https://github.com/twking7/adventofcode2017
[INFO] tweaked toml for git repo https://github.com/twking7/adventofcode2017 written to /workspace/builds/worker-10/source/Cargo.toml
[INFO] crate git repo https://github.com/twking7/adventofcode2017 already has a lockfile, it will not be regenerated
[INFO] running `Command { std: "/workspace/cargo-home/bin/cargo" "+af3c6e733a40e671550e0f0f5aeecaa13772ba56" "fetch" "--locked" "--manifest-path" "Cargo.toml", kill_on_drop: false }`
[INFO] running `Command { std: "docker" "create" "-v" "/var/lib/crater-agent-workspace/builds/worker-10/target:/opt/rustwide/target:rw,Z" "-v" "/var/lib/crater-agent-workspace/builds/worker-10/source:/opt/rustwide/workdir:ro,Z" "-v" "/var/lib/crater-agent-workspace/cargo-home:/opt/rustwide/cargo-home:ro,Z" "-v" "/var/lib/crater-agent-workspace/rustup-home:/opt/rustwide/rustup-home:ro,Z" "-e" "SOURCE_DIR=/opt/rustwide/workdir" "-e" "CARGO_TARGET_DIR=/opt/rustwide/target" "-e" "CARGO_HOME=/opt/rustwide/cargo-home" "-e" "RUSTUP_HOME=/opt/rustwide/rustup-home" "-w" "/opt/rustwide/workdir" "-m" "1610612736" "--user" "0:0" "--network" "none" "rustops/crates-build-env@sha256:d92eaeed33fa75130ca1ee6c8a01d1ffb62bac859dfdfb3450e3e5d1c0146529" "/opt/rustwide/cargo-home/bin/cargo" "+af3c6e733a40e671550e0f0f5aeecaa13772ba56" "metadata" "--no-deps" "--format-version=1", kill_on_drop: false }`
[INFO] [stderr] WARNING: Your kernel does not support swap limit capabilities or the cgroup is not mounted. Memory limited without swap.
[INFO] [stdout] 5db549e97bda388c2214629ae23140a61740473786bbfbe29ccdc9281ce6b3e2
[INFO] running `Command { std: "docker" "start" "-a" "5db549e97bda388c2214629ae23140a61740473786bbfbe29ccdc9281ce6b3e2", kill_on_drop: false }`
[INFO] running `Command { std: "docker" "inspect" "5db549e97bda388c2214629ae23140a61740473786bbfbe29ccdc9281ce6b3e2", kill_on_drop: false }`
[INFO] running `Command { std: "docker" "rm" "-f" "5db549e97bda388c2214629ae23140a61740473786bbfbe29ccdc9281ce6b3e2", kill_on_drop: false }`
[INFO] [stdout] 5db549e97bda388c2214629ae23140a61740473786bbfbe29ccdc9281ce6b3e2
[INFO] running `Command { std: "docker" "create" "-v" "/var/lib/crater-agent-workspace/builds/worker-10/target:/opt/rustwide/target:rw,Z" "-v" "/var/lib/crater-agent-workspace/builds/worker-10/source:/opt/rustwide/workdir:ro,Z" "-v" "/var/lib/crater-agent-workspace/cargo-home:/opt/rustwide/cargo-home:ro,Z" "-v" "/var/lib/crater-agent-workspace/rustup-home:/opt/rustwide/rustup-home:ro,Z" "-e" "SOURCE_DIR=/opt/rustwide/workdir" "-e" "CARGO_TARGET_DIR=/opt/rustwide/target" "-e" "CARGO_INCREMENTAL=0" "-e" "RUST_BACKTRACE=full" "-e" "RUSTFLAGS=--cap-lints=forbid" "-e" "CARGO_HOME=/opt/rustwide/cargo-home" "-e" "RUSTUP_HOME=/opt/rustwide/rustup-home" "-w" "/opt/rustwide/workdir" "-m" "1610612736" "--user" "0:0" "--network" "none" "rustops/crates-build-env@sha256:d92eaeed33fa75130ca1ee6c8a01d1ffb62bac859dfdfb3450e3e5d1c0146529" "/opt/rustwide/cargo-home/bin/cargo" "+af3c6e733a40e671550e0f0f5aeecaa13772ba56" "check" "--frozen" "--all" "--all-targets" "--message-format=json", kill_on_drop: false }`
[INFO] [stdout] a17f5ed9e9457a815e3475bff3968246673c1a2218b621cb3d4f07ec6ae727f1
[INFO] [stderr] WARNING: Your kernel does not support swap limit capabilities or the cgroup is not mounted. Memory limited without swap.
[INFO] running `Command { std: "docker" "start" "-a" "a17f5ed9e9457a815e3475bff3968246673c1a2218b621cb3d4f07ec6ae727f1", kill_on_drop: false }`
[INFO] [stderr]     Blocking waiting for file lock on package cache
[INFO] [stderr]     Blocking waiting for file lock on package cache
[INFO] [stderr]     Checking encoding_index_tests v0.1.4
[INFO] [stderr]     Checking void v1.0.2
[INFO] [stderr]     Checking libc v0.2.34
[INFO] [stderr]     Checking lazy_static v0.2.11
[INFO] [stderr]     Checking utf8-ranges v1.0.0
[INFO] [stderr]     Checking regex-syntax v0.4.1
[INFO] [stderr]     Checking encoding-index-singlebyte v1.20141219.5
[INFO] [stderr]     Checking encoding-index-tradchinese v1.20141219.5
[INFO] [stderr]     Checking encoding-index-korean v1.20141219.5
[INFO] [stderr]     Checking encoding-index-japanese v1.20141219.5
[INFO] [stderr]     Checking encoding-index-simpchinese v1.20141219.5
[INFO] [stderr]     Checking unreachable v1.0.0
[INFO] [stderr]     Checking thread_local v0.3.4
[INFO] [stderr]     Checking memchr v2.0.1
[INFO] [stderr]     Checking encoding v0.2.33
[INFO] [stderr]     Checking aho-corasick v0.6.4
[INFO] [stderr]     Checking regex v0.2.3
[INFO] [stderr]     Checking aoc2017 v0.1.0 (/opt/rustwide/workdir)
[INFO] [stdout] error[E0599]: no method named `rotate` found for struct `Vec<usize>` in the current scope
[INFO] [stdout]  --> src/day1.rs:8:8
[INFO] [stdout]   |
[INFO] [stdout] 8 |     d2.rotate(rotate);
[INFO] [stdout]   |        ^^^^^^ method not found in `Vec<usize>`
[INFO] [stdout] 
[INFO] [stdout] 
[INFO] [stdout] error[E0599]: no method named `rotate` found for struct `Vec<usize>` in the current scope
[INFO] [stdout]  --> src/day1.rs:8:8
[INFO] [stdout]   |
[INFO] [stdout] 8 |     d2.rotate(rotate);
[INFO] [stdout]   |        ^^^^^^ method not found in `Vec<usize>`
[INFO] [stdout] 
[INFO] [stdout] 
[INFO] [stdout] error[E0599]: no method named `rotate` found for struct `Vec<char>` in the current scope
[INFO] [stdout]   --> src/day16.rs:32:33
[INFO] [stdout]    |
[INFO] [stdout] 32 |             Step::Shift(n) => v.rotate(len - n),
[INFO] [stdout]    |                                 ^^^^^^ method not found in `Vec<char>`
[INFO] [stdout] 
[INFO] [stdout] 
[INFO] [stdout] error[E0599]: no method named `rotate` found for struct `Vec<String>` in the current scope
[INFO] [stdout]   --> src/day16.rs:58:37
[INFO] [stdout]    |
[INFO] [stdout] 58 |                 Step::Shift(n) => v.rotate(len - n),
[INFO] [stdout]    |                                     ^^^^^^ method not found in `Vec<String>`
[INFO] [stdout] 
[INFO] [stdout] 
[INFO] [stdout] error: aborting due to 3 previous errors
[INFO] [stdout] 
[INFO] [stdout] 
[INFO] [stdout] For more information about this error, try `rustc --explain E0599`.
[INFO] [stdout] 
[INFO] [stderr] error: could not compile `aoc2017`.
[INFO] [stderr] 
[INFO] [stderr] To learn more, run the command again with --verbose.
[INFO] [stderr] warning: build failed, waiting for other jobs to finish...
[INFO] [stdout] error[E0599]: no method named `rotate` found for struct `Vec<char>` in the current scope
[INFO] [stdout]   --> src/day16.rs:32:33
[INFO] [stdout]    |
[INFO] [stdout] 32 |             Step::Shift(n) => v.rotate(len - n),
[INFO] [stdout]    |                                 ^^^^^^ method not found in `Vec<char>`
[INFO] [stdout] 
[INFO] [stdout] 
[INFO] [stdout] error[E0599]: no method named `rotate` found for struct `Vec<String>` in the current scope
[INFO] [stdout]   --> src/day16.rs:58:37
[INFO] [stdout]    |
[INFO] [stdout] 58 |                 Step::Shift(n) => v.rotate(len - n),
[INFO] [stdout]    |                                     ^^^^^^ method not found in `Vec<String>`
[INFO] [stdout] 
[INFO] [stdout] 
[INFO] [stdout] error: aborting due to 3 previous errors
[INFO] [stdout] 
[INFO] [stdout] 
[INFO] [stdout] For more information about this error, try `rustc --explain E0599`.
[INFO] [stdout] 
[INFO] [stderr] error: build failed
[INFO] running `Command { std: "docker" "inspect" "a17f5ed9e9457a815e3475bff3968246673c1a2218b621cb3d4f07ec6ae727f1", kill_on_drop: false }`
[INFO] running `Command { std: "docker" "rm" "-f" "a17f5ed9e9457a815e3475bff3968246673c1a2218b621cb3d4f07ec6ae727f1", kill_on_drop: false }`
[INFO] [stdout] a17f5ed9e9457a815e3475bff3968246673c1a2218b621cb3d4f07ec6ae727f1
